13432635?
3, 5, 17, 1951
What are the prime factors of 162616836?
2, 3, 683, 19841
What are the prime factors of 8085844235?
5, 7, 23, 29, 31, 11173
List the prime factors of 3934906048.
2, 61482907
What are the prime factors of 184904782?
2, 92452391
List the prime factors of 2489808248.
2, 311226031
List the prime factors of 654537027.
3, 12923, 16883
List the prime factors of 5378102.
2, 19, 141529
What are the prime factors of 75502770?
2, 3, 5, 7, 19, 127, 149
What are the prime factors of 341245268?
2, 7, 13, 173, 5419
What are the prime factors of 1561052319?
3, 17, 30608869
What are the prime factors of 142006407?
3, 37, 1279337
List the prime factors of 3549475595.
5, 19, 3637, 10273
What are the prime factors of 159382350?
2, 3, 5, 118061
What are the prime factors of 1373144768?
2, 739, 29033
List the prime factors of 365975350.
2, 5, 13, 563039
What are the prime factors of 145193675?
5, 11, 181, 2917
What are the prime factors of 26020280?
2, 5, 11, 13, 4549
What are the prime factors of 213028974?
2, 3, 179, 22039
What are the prime factors of 1810220510?
2, 5, 7, 31, 47, 17749
What are the prime factors of 1260227278?
2, 967, 651617
List the prime factors of 462295626.
2, 3, 13, 71, 83477
What are the prime factors of 3240469962?
2, 3, 71, 107, 2633
What are the prime factors of 278464299?
3, 2161, 42953
What are the prime factors of 256157796?
2, 3, 21346483
What are the prime factors of 164297541?
3, 19, 2882413
List the prime factors of 357509287.
113, 3163799
List the prime factors of 165182847.
3, 2549, 21601
What are the prime factors of 148213455?
3, 5, 13, 163, 4663
What are the prime factors of 84377287?
479, 176153
What are the prime factors of 5822965022?
2, 7, 79, 5264887
List the prime factors of 58079341.
313, 185557
List the prime factors of 34215474.
2, 3, 1129, 5051
What are the prime factors of 10556237?
167, 63211
List the prime factors of 544490493.
3, 2243, 80917
What are the prime factors of 1027838276?
2, 151, 1701719
List the prime factors of 1521190991.
17, 89481823
What are the prime factors of 42299182?
2, 2467, 8573
What are the prime factors of 1617436269?
3, 19968349
List the prime factors of 755466174.
2, 3, 1669, 25147
What are the prime factors of 608902963?
163, 3735601
What are the prime factors of 270158609?
7, 83, 181, 367
What are the prime factors of 1374314220?
2, 3, 5, 7635079
List the prime factors of 45194932.
2, 11298733
What are the prime factors of 25401596?
2, 11, 229, 2521
What are the prime factors of 27335667?
3, 97, 93937
What are the prime factors of 25221227?
19, 313, 4241
What are the prime factors of 3072391029?
3, 19, 1153, 15583
What are the prime factors of 4538066958?
2, 3, 857, 32687
List the prime factors of 763541336.
2, 3923, 24329
List the prime factors of 1807929309.
3, 967, 623209
What are the prime factors of 18648971?
11, 43, 89, 443
List the prime factors of 37636364.
2, 1459, 6449
What are the prime factors of 83988425?
5, 503, 6679
What are the prime factors of 1132999833?
3, 7, 17, 59, 53791
What are the prime factors of 1199959122?
2, 3, 199993187
What are the prime factors of 5880667671?
3, 7559, 86441
What are the prime factors of 1801602860?
2, 5, 90080143
What are the prime factors of 12399060?
2, 3, 5, 206651
What are the prime factors of 4625198296?
2, 17, 1847, 18413
List the prime factors of 36177164.
2, 53, 170647
What are the prime factors of 372096566?
2, 41, 107, 42409
List the prime factors of 34141417.
37, 922741
List the prime factors of 4295758141.
1847, 2325803
List the prime factors of 5700269488.
2, 9811, 36313
List the prime factors of 4507293.
3, 7, 71, 3023
What are the prime factors of 2200026545?
5, 440005309
List the prime factors of 363454478.
2, 31, 37, 47, 3371
List the prime factors of 61325298.
2, 3, 3406961
List the prime factors of 92739564.
2, 3, 29, 211, 421
List the prime factors of 77906926.
2, 53, 734971
What are the prime factors of 4684887269?
1721, 2722189
What are the prime factors of 257650592?
2, 83, 97007
List the prime factors of 3132725998.
2, 1566362999
List the prime factors of 1294158587.
3907, 331241
What are the prime factors of 680626607?
19, 29, 31, 39847
List the prime factors of 2904010302.
2, 3, 211, 2293847
List the prime factors of 171859710.
2, 3, 5, 11, 520787
List the prime factors of 253999042.
2, 11, 101, 114311
List the prime factors of 894889599.
3, 298296533
What are the prime factors of 265133854?
2, 132566927
List the prime factors of 1350219198.
2, 3, 31, 773, 9391
List the prime factors of 22206349.
11, 601, 3359
List the prime factors of 39224544.
2, 3, 131, 3119
What are the prime factors of 475160877?
3, 17598551
What are the prime factors of 465310405?
5, 7, 13294583
List the prime factors of 860927845.
5, 3307, 52067
List the prime factors of 26168408.
2, 7, 467293
What are the prime factors of 367203430?
2, 5, 11, 3338213
What are the prime factors of 1057416167?
17, 101, 227, 2713
List the prime factors of 113740928.
2, 7, 126943
What are the prime factors of 486408496?
2, 7, 89, 6971
List the prime factors of 2475550561.
11, 225050051
List the prime factors of 942158964.
2, 3, 59, 1330733
List the prime factors of 499883415.
3, 5, 443, 75227
What are the prime factors of 368394251?
368394251
What are the prime factors of 2376736344?
2, 3, 1222601
List the prime factors of 2298555114.
2, 3, 293, 1307483
What are the prime factors of 706854342?
2, 3, 257, 458401
What are the prime factors of 7535273937?
3, 2511757979
What are the prime factors of 47506166?
2, 1667, 14249
List the prime factors of 5878972863.
3, 47, 1601, 8681
What are the prime factors of 205508195?
5, 41, 503, 1993
List the prime factors of 2178399075.
3, 5, 29045321
What are the prime factors of 3354990?
2, 3, 5, 111833
What are the prime factors of 356304444?
2, 3, 197, 150721
What are the prime factors of 103456945?
5, 1871, 11059
What are the prime factors of 10203616?
2, 318863
What are the prime factors of 138567977?
2957, 46861
What are the prime factors of 54398482?
2, 19, 1431539
List the prime factors of 707126263.
167, 467, 9067
What are the prime factors of 1741082360?
2, 5, 37, 1176407
List the prime factors of 230837398.
2, 11, 47, 223247
What are the prime factors of 6103570160?
2, 5, 31, 89, 27653
What are the prime factors of 89773172?
2, 2459, 9127
List the prime factors of 6089119157.
11, 1699, 325813
What are the prime factors of 56636916?
2, 3, 7, 674249
List the prime factors of 432031383.
3, 7, 431, 2273
What are the prime factors of 13584270?
2, 3, 5, 7, 9241
List the prime factors of 4188076.
2, 47, 22277
What are the prime factors of 14210087?
29, 490003
List the prime factors of 1386154245.
3, 5, 7, 17, 776557
What are the prime factors of 128394955?
5, 13, 73, 27059
What are the prime factors of 300939873?
3, 13, 29, 266083
What are the prime factors of 4086136799?
4086136799
List the prime factors of 2072756529.
3, 661, 348421
List the prime factors of 118237144.
2, 1109, 13327
What are the prime factors of 110259431?
79, 419, 3331
What are the prime factors of 161214889?
11, 23, 643, 991
List the prime factors of 243083944.
2, 30385493
What are the prime factors of 190335353?
13, 14641181
What are the prime factors of 2623213646?
2, 1311606823
List the prime factors of 1377320197.
11, 10141, 12347
What are the prime factors of 693764451?
3, 43, 1792673
List the prime factors of 51109743.
3, 3209, 5309
List the prime factors of 207344018.
2, 7, 14810287
List the prime factors of 39477107.
89, 443563
What are the prime factors of 58183210?
2, 5, 5818321
What are the prime factors of 1255817853?
3, 139535317
What are the prime factors of 2872712225?
5, 114908489
List the prime factors of 320586384.
2, 3, 6678883
List the prime factors of 1220464969.
17, 71792057
List the prime factors of 125161259.
17, 7362427
What are the prime factors of 439131933?
3, 19, 2568023
List the prime factors of 25630833.
3, 1669, 5119
List the prime factors of 281052012.
2, 3, 23421001
List the prime factors of 106301703.
3, 37, 239, 4007
List the prime factors of 1335222422.
2, 241, 2770171
List the prime factors of 857220038.
2, 428610019
What are the prime factors of 47259961?
7, 271, 3559
What are th